 -22
-6
What is the value of (-41 + 42 - 24) + 9?
-14
What is the value of (-18 - 2) + (-777 - -807)?
10
What is the value of 13 + -1 - (-16 + 43)?
-15
What is the value of -3 + (-12 - (-7 + (8 - 7) + -1))?
-8
What is the value of (1 - -7) + 8 + 2?
18
Calculate 7 - (-4 - (-8 - -9)) - 10.
2
-2 + -14 + (40 - 29)
-5
Calculate 4 - (-27 - -52) - -36.
15
Calculate 40 - (39 - 31 - -25).
7
Evaluate 2 - 1 - (17 + -21 + 12).
-7
-1 + 13 - (-19 - (5 + -16))
20
(-16 - -28) + (-17 - -4 - -5)
4
Calculate 10 - (36 + -11 + 0).
-15
What is the value of 13 - -1 - (73 + -68)?
9
Evaluate (45 - 31) + 12 + -51.
-25
13 + (-7 + (17 - 2) - 11 - -6)
16
Calculate 24 - (8 + (10 - (3 - -10))).
19
Evaluate (-16 - 11) + 32 + (3 + 15 - 2).
21
Evaluate (-32 - -42 - 1) + 4.
13
What is -3 + 1 + (2 - (5 - -3))?
-8
What is 26 + (-10 + 3 - (-8 + 8))?
19
Calculate -1 + (-18 - -6 - -8) + -1.
-6
What is the value of -1 + 0 - (42 + -22 - 23) - -8?
10
Evaluate 7 + -14 + 9 + -9.
-7
What is (4 - 1) + 17 + -34 + 18 + 19?
23
Evaluate -9 + (15 - 3) + -4.
-1
Calculate -2 + 5 + 10 + -25.
-12
-17 - (-6 + 5 + -26) - 16
-6
What is the value of 2 - (1 - -2) - ((16 - 30) + 15)?
-2
Calculate 58 + -12 + -10 + -2 + -9.
25
What is 4 - (-2 - 0) - (9 + 3 + 20)?
-26
What is 9 + 7 + 10 + -22?
4
Evaluate 2 - -10 - (2 + -8 + 8 - -4).
6
Evaluate (5 - (-5 - -10) - 7) + -5 + 1.
-11
Evaluate 23 + -29 + -25 + 7.
-24
13 - (35 - (17 + -19))
-24
Evaluate 13 - (-11 + 0 - (-47 + 39)).
16
-13 + -5 + (-6 - -12) + 7 + -3
-8
Calculate 81 + -67 + -11 + 0 + -3.
0
What is the value of -27 - (-23 + 4) - (-2 - 1)?
-5
11 - (2 + -12 - -21 - 5)
5
What is 4 + 7 + -4 + -5 - -1?
3
Evaluate -6 - (6 - (-14 + 15)).
-11
(-25 + 69 - 15) + -25
4
Evaluate (-50 - 8 - -24) + 13.
-21
-1 - 5 - (-10 + (41 - 16) + -10)
-11
Calculate -38 - -51 - (18 + -14).
9
What is 14 + -4 - 7 - -1?
4
Calculate 0 + 7 + (-21 - 1).
-15
Calculate -35 + 50 + -12 - 26.
-23
(0 - -7 - (1 + 1)) + (14 - 6)
13
What is the value of 18 + -13 + -1 + (1 - 2) - 6?
-3
Evaluate (2 - -1) + 0 + 1 - (241 + -245).
8
Evaluate (9 - ((3 - 0) + 5 - 1)) + 0.
2
9 + 1 + (-6 + (9 - 13) - -11)
11
Calculate -11 - -47 - -18 - 20.
34
What is 37 - 28 - (21 + -3)?
-9
What is the value of -22 + (-14 - -6) + (10 - -6)?
-14
(-11 - 3) + -2 + (3 - (1 + -6))
-8
Evaluate 1 - (-7 - 0) - ((-69 - -39) + 26).
12
4 + (6 - 3) - (-22 + (-38 - -36))
31
36 - (-53 + 36 - -26)
27
What is the value of 1 + (29 - 38 - 5)?
-13
What is (7 - 0) + 24 + 35 + -56 - -13?
23
Calculate -30 + -5 + -13 - -24.
-24
Calculate (-19 + 9 - 0) + 9 + 21.
20
What is -8 - (-22 + (-3 - (-1 + -8)))?
8
14 + -8 + -10 - -8
4
What is the value of 1 + 1 + -2 + 26 + -4 + -14?
8
Evaluate (-23 - -12) + 14 + 8.
11
What is the value of -3 + (10 + -5 - -4) - 0?
6
Evaluate 77 - 66 - (1 - 1).
11
What is (8 - (100 - 93 - (1 - -7))) + -9?
0
What is 3 + -12 + -2 - -1?
-10
Calculate -14 + (-1 - -5 - ((-3 - -6) + -1)).
-12
Evaluate -51 - -38 - (-4 + -17).
8
Calculate -3 - (14 - 24 - -14).
-7
Evaluate 35 - (-25 + -5 + 31).
34
What is -236 - -214 - (9 + -4)?
-27
What is -1 + -4 - 2 - -14 - -1?
8
Evaluate 34 + -17 + (-12 - 16).
-11
What is (-6 - -12 - 7) + -6 + (-5 - -8)?
-4
Calculate -214 + 218 + -3 + -10.
-9
Calculate (-11 - -1) + -2 + (93 - 91).
-10
What is 1 - (6 - 1) - (-558 + 542)?
12
1 - -2 - (51 + -59)
11
What is the value of -6 + 13 + (-22 - 5 - 0)?
-20
Calculate 36 - (2 - -4) - (36 + -19).
13
What is (11 - (0 - (1 - 3) - -5)) + -1?
3
What is the value of -98 - -83 - (2 + -5)?
-12
What is 0 - (3 + -9 - 6)?
12
What is the value of -9 - (-5 + -6 - 3) - -6?
11
What is the value of -1 + 18 + -3 + (3 - -1) + 2?
20
33 + -11 + -11 + -31
-20
3 + 2 - (53 - 38)
-10
Calculate -15 + 18 - 10 - -9.
2
What is the value of (9 - 3) + -1 + 15 + 14?
34
Evaluate (5 - (18 + 7)) + (-5 - (-3 - 0)).
-22
Calculate (-5 + 14 - 7) + -2 + -5.
-5
Evaluate 56 + -59 - (-17 - ((-1 - -3) + -6)).
10
What is 9 - ((13 - 7) + 19 + -16) - -17?
17
Evaluate 7 + (-23 + 12 - -6) + -5 + 0.
-3
What is the value of (-17 - 1) + (-238 - -254)?
-2
What is the value of (-13 - -1) + (-1 - -6 - 4 - -5)?
-6
What is the value of (-3 - -16) + -11 + (-2 + 20 - 0)?
20
(-4 - -1) + 8 - (-9 + -6 + 10)
10
What is the value of -2 - 9 - (-54 + -3 - -43)?
3
What is 31 - (6 - -12) - (3 - -5)?
5
3 + (-10 + 7 + 2 - -4)
6
Calculate 11 - 1 - (-51 - (-76 - -26)).
11
What is the value of -13 + 0 + -10 + 8 + -9?
-24
Calculate 4 + -41 + (8 + 4 - -6).
-19
3 - 35 - (70 - 125)
23
Evaluate 10 + -2 + -2 - (6 - 7).
7
What is -3 - (9 + -6) - -6?
0
What is the value of 9 + -21 + 16 + -22 + 1?
-17
Calculate (31 - 7 - 13) + -11.
0
What is 13 + 3 + -6 - 4 - (99 + -88)?
-5
-18 + 4 - (-60 + 44)
2
-6 + 12 + ((-6 - -2) + 6 - 1)
7
Calculate 18 + -1 + (-33 - -31).
15
What is the value of -44 - -48 - (1 - 1) - (-14 + 13)?
5
Calculate -14 - -14 - -14 - 8.
6
Evaluate -7 + (3 - (18 - 25)).
3
Calculate -5 + (0 - -1) - (12 + -6 + -4).
-6
Evaluate -26 - (2 + -1 + -14 + (354 - 347)).
-20
Calculate 4 - 3 - -6 - (0 - -6) - 5.
-4
Evaluate 5 + (36 - 34 - (0 - (1 - 0))).
8
Evaluate -1 + (20 - 7) + (-7 - -9).
14
2 + 22 + 3 + (-298 - -295)
24
What is the value of -15 - ((-8 - (-1 - 9)) + (-2 - -3))?
-18
(-4 + 3 - 10) + 7
-4
Calculate 22 + -55 + 24 - (1 + 2 + -2).
-10
What is the value of (-12 - -2 - -2) + 29 + (-14 - 13)?
-6
6 + (-16 + -4 - -3 - 2) + 4
-9
What is (5 - (15 - (-1 - -5))) + 17?
11
Evaluate 14 + (-6 - (14 - -6)).
-12
What is -7 - 0 - (-13 - 0 - -5)?
1
What is 683 + -681 - (0 + 0 + 4)?
-2
-11 - -11 - (10 - ((6 - 2) + -15))
-21
-29 + 17 + (2 + 8 - 3) + 22
17
-38 + 22 + (-14 - (-13 + 4))
-21
Evaluate 1 + (8 - (7 - -3 - -8)).
-9
Calculate -19 - ((72 - 82) + (0 - -3)).
-12
Calculate 159 + -185 + 1 + 46.
21
Calculate (-1 + -1 - 0) + -1325 + 1346.
19
Calculate -1 - (-12 + (0 + 5 - 3)).
9
Calculate 4 + -8 + 7 - 1 - 0.
2
What is -303 + 329 - (-1 - 2)?
29
13 + -6 + (4 - 5) - -5 - 43
-32
0 + 0 + 32 + -7368 + 7372
36
Calculate 1 - -12 - (16 - (-66 + 41)).
-28
Calculate (-32 - 20) + 55 - (-4 + 1).
6
Evaluate -19 + (-3 - -40) + -24 + (0 - -38).
32
Evaluate -20 + 25 - (0 + 0 - -9).
-4
6 + (13 - (15 - 8)) + (5 - 15)
2
What is the value of -3 + (-7 - (-17 - 3 - -3))?
7
Calculate -4 - (-7 + -1) - -4 - (-58 - -78).
-12
Evaluate 19 - (38 + (9 - 37)).
9
33 + (-46 - -20) - -12
19
Evaluate ((2 - 16) + 8 - -6) + -9.
-9
Evaluate 13 - ((-6 - 0) + (-6 - -7)).
18
-8 - (27 - (-7 - (-34 + 12)))
-20
What is the value of -28 + 12 + (-50 - -69)?
3
What is 15 - ((-13 - -1) + (-97 - -105))?
19
What is 67 + -30 - 73 - -33?
-3
Calculate (76 - 44) + -31 - (-17 + 0).
18
What is the value of (20 + -7 - -5) + -23?
-5
Calculate -18 + 19 + -14 - -3.
-10
What is the value of (-1 + -1 - -2 - -28) + (-1855 - -1844)?
17
What is the value of (12 - 8) + -12 + -4 + (0 - -15)?
3
Evaluate 39 + (-12 - 3) + -18.
6
14 - (11 - -17) - -20 - (16 + 1)
-11
What is the value of -16 - (-3 + 17 + (-4 - 4) + -8)?
-14
What is 12 + -56 - (85 - 122)?
-7
What is the value of (-27 - -2) + 33 + -56 + 17?
-31
Evaluate -15 + (5 - (-1 - -6)) + -2.
-17
Calculate (-6 - -8) + -1 + -12.
-11
Evaluate 4 + 4 + -5 + -2 - 8 - -2.
-5
What is the value of (0 - -6) + -10 + 13 + -17?
-8
What is (-17 - -22) + (-23 - -4)?
-14
Calculate 0 + 12 + (-290 - -271).
-7
What is the value of (3 - (2 - 3)) + (-7 - (2 + -13))?
8
-7 - (6 - 8) - ((-7 - 18) + -1)
21
What is (-11 - (1 + 1 - (16 - 7))) + 3?
-1
Calculate 1 + 0 + 1 - ((-65 - -103) + -32).
-4
(6 - 13) + (0 - (3 + -9)) + 5
4
What is the value of (21 - 13) + -6 + 0 + 9?
11
What is the value of 35 + (-101 - -36) - -64?
34
12 + (19 + -60 - -2) + -11
-38
What is 3 - 18 - (21 - (11 - -3))?
-22
What is the value of -20 + (15 - (6 + (3 - (-1 - -3))))?
-12
Calculate (3 - -2) + -20 + 15 + 3 + -1.
2
What is the value of -51 + 57 - (14 + -5)?
-3
Evaluate (1 - 7) + -6 + 0 + (-7 - -13).
-6
What is the value of 24 + -11 - (-1 - -3)?
11
231 - 254 - (0 + -8)
-15
Evaluate (8 - 6) + (2 - -2) + 6 + -5.
7
5 + (19 - 10 - (-7 + 19))
2
What is the value of (-2 + 6 - -2) + -2 + (40 - 59)?
-15
Evaluate -3 + (-13 + 42 - 39).
-13
-1 + -3 + (1 - (6 - 4) - -6)
1
Evaluate (-71 - -5) + 3 + 30.
-33
Calculate -14 + 5 + 15 + 9 + 0.
15
Evaluate 13 + -3 + 2 - (13 + -1 - 7).
7
(451 - 454) + (1 - 12) + -1
-15
Evaluate (1 - -4 - -10) + 3 + (-1 - 1).
16
What is the value of (9 - 22) + -1 + 37 - (-1 - -2)?
22
What 